 + -1 + 5.
6
-10 - -1 - (-32 + -9) - 10
22
What is -24 + (42 - 21) + (0 - 0) - -22?
19
Evaluate (8 - 13) + -3 + 0 + -3 - 2.
-13
What is -76 - -24 - (-50 + 15)?
-17
What is the value of 0 + 1 + (15 - (5 - -5 - 2))?
8
What is the value of (3 - 13 - (-7 + 14) - -3) + 1?
-13
What is the value of -24 + 16 + 4 - 17?
-21
Calculate -11 - ((36 - 18) + -13 - -5).
-21
What is the value of -7 - (8 + -5 + (13 - 6))?
-17
What is the value of 0 - -9 - (30 + (-38 - -5))?
12
Evaluate 3 + ((-3 - -14) + -16 - (0 - -7)).
-9
What is 0 + 18 + -24 + -3 + (-9 - -3)?
-15
Evaluate (-7 - 3 - -9 - 4 - -1) + -24.
-28
Calculate 4 - 2 - (0 + 0 - (-7 + 4)).
-1
Evaluate (-3 - -27) + (-6 - 0).
18
2 + 6 + -5 - ((6 - 10) + -5)
12
What is (62 - 139) + 77 + (-1 - 15)?
-16
7 - ((10 - (11 - -5)) + 0)
13
4 + -2 - ((22 - 7) + -4)
-9
What is 8 + 10 + 5 + (2 - (-4 - -13))?
16
What is 3 + -1 + 5 - (-29 + 48 - 19)?
7
-31 - (48 - (47 + 66))
34
Calculate (2 - (13 + 2) - -30) + (1 - 8).
10
(3 - 1) + (16 + -2 - 5 - 7)
4
-4 - 2 - (-2 - -2 - (-3 - 1))
-10
-9 - (-13 - (15 + 7 + -16))
10
What is the value of -19 + 15 - 11 - -10?
-5
What is -23 + (-6 - -48 - 15) - (0 + 1)?
3
-4 + -2 + 4 + (-7 - 1)
-10
What is the value of 23 + -17 + -23 + 23?
6
Evaluate 18 + 9 - (110 + -92).
9
What is the value of 6 - (3 - (1 + 0 + -31 + 16))?
-11
Evaluate 7 - (-3 - 1) - (115 + -110).
6
Calculate 27 + -50 + 33 + 3.
13
Calculate 7 - 0 - (-93 - -105).
-5
Evaluate (-2 - -2) + 4 - (26 - 23).
1
What is 10 - (4 - (-1 + 3 + -5))?
3
Evaluate 3 + -24 + (-1 - -11 - (-25 - -38)).
-24
What is the value of (-2 + 10 - -1 - 2) + -49 + 55?
13
Evaluate (10 - 16 - -15) + -13.
-4
What is (-8 - (-14 + 6)) + (-13 - -6)?
-7
-6 + -8 + 22 + -5
3
Evaluate (16 + -18 - (8 - 1)) + -3 + -6.
-18
What is 16 + (-5 - 5) - -1 - 0?
7
What is the value of (1 - -5) + (-3 + 1 - (-2 + 1))?
5
What is (0 - -26) + 12 + -33?
5
-5 - (0 - 2 - (18 + -23))
-8
Evaluate -17 - -4 - ((0 - 6) + 7 + -3).
-11
What is the value of (3 - 1) + (-47 - -48)?
3
Evaluate -1 - (1 - 0) - (1 - (6 + 8)).
11
Evaluate 2 + (-9 - -11 - 6) + -8.
-10
Evaluate 1 + 9 + (13 - 12) + 2.
13
(4 - (19 + 0)) + 17
2
Evaluate -14 - (7 - (6 - -1 - -6)) - -1.
-7
-18 - (-16 - -7) - 2 - -18
7
What is the value of -507 + 509 - (17 - ((1 - 1) + 0))?
-15
What is the value of (-21 - (-56 + 22)) + -9?
4
What is the value of 6 + -16 + (18 + 2 - -1)?
11
Evaluate (2 + 1 - (0 + -3 + 11)) + 9.
4
Calculate 15 + (-4 - 0) + -3.
8
Calculate 18 - (9 + 17 + -12).
4
Evaluate -2 + 7 + -15 + 1 - -21.
12
Calculate 1 - 2 - (639 - 629).
-11
Evaluate (-9 - -1) + 7 + (24 - 11).
12
Calculate (9 - (12 + -13 + 16)) + -18.
-24
Calculate 2 + -10 + -10 + -12 + 25.
-5
-1 - 14 - (35 + -39)
-11
What is the value of 5 + (22 + -6 - 7) + (-6 - -1)?
9
What is the value of (0 - (-11 - 9)) + -4?
16
What is the value of 24 - (0 + 11 + -2 + (-11 - -7))?
19
What is the value of 0 - 15 - (-74 + 64)?
-5
What is the value of -16 - (12 + -16 + 5 + -16)?
-1
What is the value of -50 + (49 - -10) + (-1 + -1 - 15)?
-8
What is -1 + -2 - (-89 + 89)?
-3
Calculate 35 + -38 - -3 - (0 - -6).
-6
Calculate (9 - 14) + 13 + 8 - -3.
19
What is the value of 25 - (52 + (-34 - 4))?
11
What is the value of (12 - -4) + -7 - 14?
-5
Evaluate 55 + -1 + -27 - -4.
31
Calculate 1372 - 1331 - (32 - 1).
10
Evaluate (-149 - -112) + (-5 - -15).
-27
What is 16 + 1 + 16 + -30?
3
9 + (2 - -8) + -11
8
What is 10 - 1 - (-16 + -28 - -33)?
20
-1 - 8 - (3 + (24 - 14) + -19)
-3
What is the value of (10 - -3) + -12 - (17 - 13)?
-3
-10 + 0 + (-6 - 7 - -19)
-4
Calculate -15 + (1 + -4 - -5).
-13
What is the value of (-7 - (4 - (3 + -8))) + (7 - 2)?
-11
Calculate (-32 - -43) + -12 + (0 - -4).
3
27 + -46 - -11 - (-34 + 2)
24
Evaluate -4 + (34 + -6 - 26).
-2
Evaluate -10 - ((-76 - -41) + 16 + 2).
7
-5 - (-2 + -8 + -10 + 14)
1
What is the value of 3 + 2 - (0 + (14 - 6) + -10)?
7
32 - (10 + (-22 - -18))
26
What is the value of 7 + (-1 - -10) + -23?
-7
What is 20 + 12 + -24 + 12?
20
Evaluate -13 + (-14 - (8 - 19)) + -6.
-22
What is the value of -53 - -25 - (-11 + 2)?
-19
What is the value of -8 - (6 - 12) - (2 + -4 + 0)?
0
Calculate 27 + -24 - ((-1 - -25) + 1).
-22
What is the value of 0 - (34 + -36 + -1 + 9)?
-6
What is 9 + (67 + -69 - (3 + 1))?
3
Evaluate 4 + 0 + -14 + 7 + 10 + 0.
7
What is (-4 - (-1 + 3 - 5) - -3) + -4?
-2
(12 - (1 - (-4 - 6 - -4))) + 11
16
Calculate -16 - 1 - (62 - 71).
-8
Calculate (-26 - -59) + 2 + -5.
30
Evaluate -4 + 3 + (-6 - 29) + 11.
-25
Evaluate (24 - 7 - 4) + -5.
8
1 + (1 - 1) + (-7469 - -7460)
-8
Calculate -4 + 3 + 5 + 4 - 13.
-5
12 - (-11 + 8 - -9)
6
What is the value of -14 + 3 + 8 + 11 - 10?
-2
6 + (-3 - -2) + -1 - (28 - 0)
-24
What is the value of (5 - 28 - -15) + 1?
-7
What is the value of -1 + -10 + -3 + 9 + -4?
-9
Calculate -1 + 9 + -28 - -6.
-14
What is the value of 5 + -12 + 0 + 9?
2
Evaluate 7 - (-4 - -1 - -6) - (22 - 27).
9
What is -7 + 9 - (4 + (-8 - 1))?
7
What is the value of -40 + 13 + 2 + 23?
-2
What is the value of (3 - 21) + 21 + 17 - -9?
29
What is the value of 1 + -3 + (3 - 4) + 23 + 7?
27
Calculate 8 + 1 + (1 - 9) + 5 - 7.
-1
-13 + 25 + -15 + 6 + 4
7
Evaluate 37 + 24 + -54 + (-2 - (20 - 0)).
-15
8 + -4 + -6 + -19 - (19 - 24)
-16
Evaluate (8 - (5 + -8) - 5) + -9.
-3
Calculate (-24 - -28) + -1 + 9.
12
Evaluate (-67 - (32 - 79)) + (-10 + 2 - 1).
-29
(-5 - 14) + 8 + 12 + -6
-5
What is the value of 0 - -10 - (-15 + (12 - (-14 - -1)))?
0
What is the value of 2 + -1 - (-12 - (4 - 13))?
4
What is -2 + 1 - (-23 - -16 - -32)?
-26
6 + (-602 - -605 - (-1 - -14))
-4
33 + (34 - (0 - -29))
38
Evaluate (-2 + 3 - 1) + (-2 - 0) - 6.
-8
Evaluate (-1 - -1 - 3) + (-59 - 9) + 61.
-10
What is the value of (2 + 1 - 46) + (38 - (-10 - -39))?
-34
What is (1 - -13 - (-20 + 21)) + -5?
8
Evaluate (-1 - -5) + -5 - (21 - 12).
-10
11 - 3 - (-270 - -305)
-27
Calculate -27 + 6 - -15 - -16.
10
What is 10 - (11 + -3 - 0)?
2
What is the value of -7 + 5 + -4 + (56 - 33)?
17
Evaluate 3 + (3 - 10) - (-11 - (-13 - 25)).
-31
What is the value of 18 + 2 + 14 + -26?
8
-5 - (-3 - -14) - (-8 - -11)
-19
-4 - -8 - (-15 + 7) - 2
10
Evaluate (7 - -3) + 9 - (-44 - -46).
17
What is the value of 0 - (8 + -15 + -1) - -9?
17
What is the value of -5 - (-12 - (0 + -3) - (1 - 1))?
4
What is the value of (3 - -39) + (329 - 364)?
7
(24 - 48) + 28 + -6 + -2
-4
2497 - 2527 - (7 + (4 - (1 + 1)))
-39
What is (37 - 0) + (2084 - 2085)?
36
Calculate -1 + (-8 - -11) + 8 + -15 + 30.
25
((-6 - (-4 + 2)) + 6 - -3) + 2
7
What is the value of 3 + (-31 - -35) + 1 + -19 - 2?
-13
Calculate 10 - -3 - (19 - (-16 + 25)).
3
Evaluate (-10 - -11) + 0 - (-2 + 11).
-8
Evaluate -18 + (-18 - -16 - (-38 + 1)).
17
Evaluate -18 - (-17 - (27 - 6)).
20
29 + 14 + -4 + -25
14
What is the value of 1 + -9 - -12 - 4 - -12?
12
Calculate 5 + 0 - (19 - 20 - -17) - 1.
-12
(1179 - 1166) + (0 - 0 - 5)
8
What is the value of (35 - (-4 + 16)) + -47?
-24
((1 - 8) + 10 - -8) + (5 - 13)
3
(-181 - (197 - 362)) + (1 - (0 - 5))
-10
What is 0 - ((4 - 4) + 8)?
-8
What is 10 - (-6 + 9 + -2 + -5)?
14
Evaluate 1 + (-2 - 2) - (97 - 100).
0
Calculate 19 + 0 + -3 + (-23 - 4 - -18).
7
Evaluate 6 - (0 + (-8 - -1) + 2 + -1).
12
Calculate 1 + -1 + -1 + (-10 - -34) + -18.
5
Evaluate -11 + 1 - (463 - 444).
-29
Evaluate 7 - (-12 - -24) - (2 + -2 + 0).
-5
(6 - 31) + (-7 - (1 + -9))
-24
What is the value of 9 + -2 - (19 - (-13 - -16))?
-9
(-1 + -4 + 8 + -7 - -3) + -4
-5
What is the value of 0 - (6 - 9 - -20) - 3?
-20
7 - (-13 + (1 - -4))
15
(52 - 4) + -16 + -5 + 5
32
What is the value of 39 - (-61 + 40 - -29)?
31
-14 + 36 + -11 + -5
6
Calculate 1 + 5 + (-14 - -17) + -1.
8
What is (-1 - 6) + (121 - 100)?
14
Calculate -4 - (-4 + -11 + 12 - -14).
-15
0 + -1 + 16 - (152 + -59 - 102)
24
Calculate -12 + -5 + 25 - (-7 + 1).
14
15 - (17 - -21 - 15)
-8
Evaluate -30 + 2 - (-338 - -311).
-1
Calculate 4 + -9 + 3 + (-1 - 9 - -4).
-8
Calculate 8 + -5 - ((-13 - -24) + 0 + 3).
-11
What is (4 + 10 - 27) + 23?
10
What is 3 + 7 + -16 + 4 + 4 + -2?
0
Evaluate 41 + -21 + -8 + (-3 - (-3 - -2)).
10
Evaluate 21 - (-3 + 17 + (-1 - 7)).
15
Evaluate (14 - (7 + 10 + -8)) + -7.
-2
What is -39 + (-1 - -5 - (175 + -181))?
-29
Evaluate (2 - 4 - 0) + 4 + 19 + -22.
-1
What is 7 - (20 - 24) - (-4 - -3)?
12
What is 12 + -6 + -1 + -51 + 57 + 19?
30
Evaluate (21 - (-21 + 15)) + -29.
-2
What is the 